{"id":86,"date":"2023-07-28T13:23:15","date_gmt":"2023-07-28T13:23:15","guid":{"rendered":"http:\/\/www.kib-unna.de\/?page_id=86"},"modified":"2023-08-01T14:31:33","modified_gmt":"2023-08-01T14:31:33","slug":"unser-leistungsspektrum","status":"publish","type":"page","link":"http:\/\/www.kib-unna.de\/?page_id=86","title":{"rendered":"Unser Leistungsspektrum"},"content":{"rendered":"\n<p><\/p>\n\n\n\n<p><strong>Geotechnik:<\/strong> Ein solides Fundament ist entscheidend f\u00fcr jedes Bauvorhaben. Unsere Geotechniker f\u00fchren gr\u00fcndliche geotechnische Untersuchungen und Gutachten durch, um Ihnen wichtige Informationen \u00fcber den Baugrund zu liefern. Mit diesem fundierten Wissen k\u00f6nnen Sie Ihre Bauprojekte sicher und effizient realisieren.<\/p>\n\n\n\n<p><strong>Umwelt: <\/strong>Umweltaspekte spielen eine immer gr\u00f6\u00dfere Rolle bei Bauvorhaben. Unser Team unterst\u00fctzt Sie bei der Umweltvertr\u00e4glichkeitspr\u00fcfung, Altlastenuntersuchungen und der Umsetzung umweltfreundlicher L\u00f6sungen, um die Auswirkungen Ihrer Projekte auf die Umwelt zu minimieren.<\/p>\n\n\n\n<p><strong>Abbruch:<\/strong> Beim Abbruch von Geb\u00e4uden und anderen Bauwerken ist eine fachgerechte Planung unerl\u00e4sslich. Unsere Abbruchexperten entwickeln sichere Abbruchkonzepte und koordinieren den gesamten Abbruchprozess, um eine reibungslose und sichere Abwicklung zu gew\u00e4hrleisten.<\/p>\n\n\n\n<p><strong>Qualit\u00e4t und Verantwortung<\/strong><\/p>\n\n\n\n<p>Wir legen gr\u00f6\u00dften Wert auf Qualit\u00e4t und Verantwortung in unserer Arbeit. Mit modernster Technologie und bew\u00e4hrten Methoden gew\u00e4hrleisten wir pr\u00e4zise Ergebnisse und zuverl\u00e4ssige Gutachten. Unsere erfahrenen Ingenieure und Umweltexperten sind bestrebt, Ihre Bed\u00fcrfnisse zu verstehen und ma\u00dfgeschneiderte L\u00f6sungen anzubieten, die den h\u00f6chsten Standards entsprechen.<\/p>\n\n\n\n<p> <\/p>\n","protected":false},"excerpt":{"rendered":"<p>Geotechnik: Ein solides Fundament ist entscheidend f\u00fcr jedes Bauvorhaben. Unsere Geotechniker f\u00fchren gr\u00fcndliche geotechnische Untersuchungen und Gutachten durch, um Ihnen wichtige Informationen \u00fcber den Baugrund zu liefern. Mit diesem fundierten Wissen k\u00f6nnen Sie Ihre Bauprojekte sicher und effizient realisieren. Umwelt: Umweltaspekte spielen eine immer gr\u00f6\u00dfere Rolle bei Bauvorhaben. Unser Team unterst\u00fctzt Sie bei der Umweltvertr\u00e4glichkeitspr\u00fcfung, &hellip;<\/p>\n<p class=\"read-more\"> <a class=\"\" href=\"http:\/\/www.kib-unna.de\/?page_id=86\"> <span class=\"screen-reader-text\">Unser Leistungsspektrum<\/span> Weiterlesen &raquo;<\/a><\/p>\n","protected":false},"author":1,"featured_media":0,"parent":0,"menu_order":3,"comment_status":"closed","ping_status":"closed","template":"","meta":{"site-sidebar-layout":"","site-content-layout":"","ast-main-header-display":"","ast-hfb-above-header-display":"","ast-hfb-below-header-display":"","ast-hfb-mobile-header-display":"","site-post-title":"","ast-breadcrumbs-content":"","ast-featured-img":"","footer-sml-layout":"","theme-transparent-header-meta":"","adv-header-id-meta":"","stick-header-meta":"","header-above-stick-meta":"","header-main-stick-meta":"","header-below-stick-meta":""},"_links":{"self":[{"href":"http:\/\/www.kib-unna.de\/index.php?rest_route=\/wp\/v2\/pages\/86"}],"collection":[{"href":"http:\/\/www.kib-unna.de\/index.php?rest_route=\/wp\/v2\/pages"}],"about":[{"href":"http:\/\/www.kib-unna.de\/index.php?rest_route=\/wp\/v2\/types\/page"}],"author":[{"embeddable":true,"href":"http:\/\/www.kib-unna.de\/index.php?rest_route=\/wp\/v2\/users\/1"}],"replies":[{"embeddable":true,"href":"http:\/\/www.kib-unna.de\/index.php?rest_route=%2Fwp%2Fv2%2Fcomments&post=86"}],"version-history":[{"count":2,"href":"http:\/\/www.kib-unna.de\/index.php?rest_route=\/wp\/v2\/pages\/86\/revisions"}],"predecessor-version":[{"id":139,"href":"http:\/\/www.kib-unna.de\/index.php?rest_route=\/wp\/v2\/pages\/86\/revisions\/139"}],"wp:attachment":[{"href":"http:\/\/www.kib-unna.de\/index.php?rest_route=%2Fwp%2Fv2%2Fmedia&parent=86"}],"curies":[{"name":"wp","href":"https:\/\/api.w.org\/{rel}","templated":true}]}}